{"id":101,"date":"2020-03-23T14:45:00","date_gmt":"2020-03-23T13:45:00","guid":{"rendered":"https:\/\/www.whiskey-and-more.de\/Shop\/agb\/"},"modified":"2020-04-09T10:54:22","modified_gmt":"2020-04-09T08:54:22","slug":"agb","status":"publish","type":"page","link":"https:\/\/www.whiskey-and-more.de\/Shop\/agb\/","title":{"rendered":"AGB"},"content":{"rendered":"\n<h1 class=\"wp-block-heading\">Allgemeine Gesch\u00e4ftsbedingungen<\/h1>\n\n\n\n<h4 class=\"wp-block-heading\">1. Geltungsbereich<\/h4>\n\n\n\n<p>F\u00fcr alle Bestellungen \u00fcber unseren Online-Shop gelten die \nnachfolgenden AGB. Unser Online-Shop richtet sich ausschlie\u00dflich an \nVerbraucher.<\/p>\n\n\n\n<p>Verbraucher ist jede nat\u00fcrliche Person, die ein Rechtsgesch\u00e4ft zu \nZwecken abschlie\u00dft, die \u00fcberwiegend weder ihrer gewerblichen noch ihrer \nselbst\u00e4ndigen beruflichen T\u00e4tigkeit zugerechnet werden k\u00f6nnen. \nUnternehmer ist eine nat\u00fcrliche oder juristische Person oder eine \nrechtsf\u00e4hige Personengesellschaft, die bei Abschluss eines \nRechtsgesch\u00e4fts in Aus\u00fcbung ihrer gewerblichen oder selbst\u00e4ndigen \nberuflichen T\u00e4tigkeit handelt.<\/p>\n\n\n\n<h4 class=\"wp-block-heading\">2. Vertragspartner, Vertragsschluss, Korrekturm\u00f6glichkeiten<\/h4>\n\n\n\n<p>Der Kaufvertrag kommt zustande mit Whisk(e)y and More.<\/p>\n\n\n\n<p>Mit Einstellung der Produkte in den Online-Shop geben wir ein \nverbindliches Angebot zum Vertragsschluss \u00fcber diese Artikel ab. Sie \nk\u00f6nnen unsere Produkte zun\u00e4chst unverbindlich in den Warenkorb legen und\n Ihre Eingaben vor Absenden Ihrer verbindlichen Bestellung jederzeit \nkorrigieren, indem Sie die hierf\u00fcr im Bestellablauf vorgesehenen und \nerl\u00e4uterten Korrekturhilfen nutzen. Der Vertrag kommt zustande, indem \nSie durch Anklicken des Bestellbuttons das Angebot \u00fcber die im Warenkorb\n enthaltenen Waren annehmen. Unmittelbar nach dem Absenden der \nBestellung erhalten Sie noch einmal eine Best\u00e4tigung per E-Mail.<\/p>\n\n\n\n<h4 class=\"wp-block-heading\">3. Vertragssprache, Vertragstextspeicherung<\/h4>\n\n\n\n<p>Die f\u00fcr den Vertragsschluss zur Verf\u00fcgung stehende Sprache ist Deutsch.<\/p>\n\n\n\n<p>Wir speichern den Vertragstext und senden Ihnen die Bestelldaten und \nunsere AGB in Textform zu. Der Vertragstext ist aus Sicherheitsgr\u00fcnden \nnicht mehr \u00fcber das Internet zug\u00e4nglich.<\/p>\n\n\n\n<h4 class=\"wp-block-heading\">4. Lieferbedingungen<\/h4>\n\n\n\n<p>Zuz\u00fcglich zu den angegebenen Produktpreisen kommen noch Versandkosten\n hinzu. N\u00e4heres zur H\u00f6he der Versandkosten erfahren Sie bei den \nAngeboten.<\/p>\n\n\n\n<p>Wir liefern nur im Versandweg. Eine Selbstabholung der Ware ist leider nicht m\u00f6glich.<\/p>\n\n\n\n<h4 class=\"wp-block-heading\">5. Bezahlung<\/h4>\n\n\n\n<p><strong>Lastschrift via PayPal<\/strong><br>\nWenn Sie die Zahlungsart Lastschrift gew\u00e4hlt haben, m\u00fcssen Sie, um den \nRechnungsbetrag bezahlen zu k\u00f6nnen, bei PayPal nicht registriert sein. \nMit Best\u00e4tigung der Zahlungsanweisung erteilen Sie PayPal ein \nLastschriftmandat. \u00dcber das Datum der Kontobelastung werden Sie von \nPayPal informiert (sog. Prenotification). Unter Einreichung des \nLastschriftmandats unmittelbar nach Best\u00e4tigung der Zahlungsanweisung \nfordert PayPal seine Bank zur Einleitung der Zahlungstransaktion auf. \nDie Zahlungstransaktion wird durchgef\u00fchrt und Ihr Konto belastet. \nWeitere Hinweise erhalten Sie beim Bestellvorgang.<\/p>\n\n\n\n<h4 class=\"wp-block-heading\">6. Eigentumsvorbehalt<\/h4>\n\n\n\n<p>Die Ware bleibt bis zur vollst\u00e4ndigen Bezahlung unser Eigentum.<\/p>\n\n\n\n<h4 class=\"wp-block-heading\">7. Transportsch\u00e4den<\/h4>\n\n\n\n<p>Werden Waren mit offensichtlichen Transportsch\u00e4den angeliefert, so \nreklamieren Sie solche Fehler bitte m\u00f6glichst sofort beim Zusteller und \nnehmen Sie bitte unverz\u00fcglich Kontakt zu uns auf. Die Vers\u00e4umung einer \nReklamation oder Kontaktaufnahme hat f\u00fcr Ihre gesetzlichen Anspr\u00fcche und\n deren Durchsetzung, insbesondere Ihre Gew\u00e4hrleistungsrechte, keinerlei \nKonsequenzen. Sie helfen uns aber, unsere eigenen Anspr\u00fcche gegen\u00fcber \ndem Frachtf\u00fchrer bzw. der Transportversicherung geltend machen zu \nk\u00f6nnen.<\/p>\n\n\n\n<h4 class=\"wp-block-heading\">8. Gew\u00e4hrleistung und Garantien<\/h4>\n\n\n\n<p>Soweit nicht nachstehend ausdr\u00fccklich anders vereinbart, gilt das gesetzliche M\u00e4ngelhaftungsrecht.<\/p>\n\n\n\n<p>Bei gebrauchten Waren gilt: wenn der Mangel nach Ablauf eines Jahres \nab Ablieferung der Ware auftritt, sind die M\u00e4ngelanspr\u00fcche \nausgeschlossen. M\u00e4ngel, die innerhalb eines Jahres ab Ablieferung der \nWare auftreten, k\u00f6nnen im Rahmen der gesetzlichen Verj\u00e4hrungsfrist von \nzwei Jahren ab Ablieferung der Ware geltend gemacht werden.<\/p>\n\n\n\n<p>Die vorstehenden Einschr\u00e4nkungen und Fristverk\u00fcrzungen gelten nicht \nf\u00fcr Anspr\u00fcche aufgrund von Sch\u00e4den, die durch uns, unsere gesetzlichen \nVertreter oder Erf\u00fcllungsgehilfen verursacht wurden<\/p>\n\n\n\n<ul class=\"wp-block-list\"><li>bei Verletzung des Lebens, des K\u00f6rpers oder der Gesundheit<\/li><li>bei vors\u00e4tzlicher oder grob fahrl\u00e4ssiger Pflichtverletzung sowie Arglist<\/li><li>bei Verletzung wesentlicher Vertragspflichten, deren Erf\u00fcllung die \nordnungsgem\u00e4\u00dfe Durchf\u00fchrung des Vertrages \u00fcberhaupt erst erm\u00f6glicht und \nauf deren Einhaltung der Vertragspartner regelm\u00e4\u00dfig vertrauen darf \n(Kardinalpflichten)<\/li><li>im Rahmen eines Garantieversprechens, soweit vereinbart oder<\/li><li>soweit der Anwendungsbereich des Produkthaftungsgesetzes er\u00f6ffnet ist.<\/li><\/ul>\n\n\n\n<p>Informationen zu gegebenenfalls geltenden zus\u00e4tzlichen Garantien und \nderen genaue Bedingungen finden Sie jeweils beim Produkt und auf \nbesonderen Informationsseiten im Online-Shop.<\/p>\n\n\n\n<h4 class=\"wp-block-heading\">9. Haftung<\/h4>\n\n\n\n<p>F\u00fcr Anspr\u00fcche aufgrund von Sch\u00e4den, die durch uns, unsere \ngesetzlichen Vertreter oder Erf\u00fcllungsgehilfen verursacht wurden, haften\n wir stets unbeschr\u00e4nkt<\/p>\n\n\n\n<ul class=\"wp-block-list\"><li>bei Verletzung des Lebens, des K\u00f6rpers oder der Gesundheit<\/li><li>bei vors\u00e4tzlicher oder grob fahrl\u00e4ssiger Pflichtverletzung<\/li><li>bei Garantieversprechen, soweit vereinbart, oder<\/li><li>soweit der Anwendungsbereich des Produkthaftungsgesetzes er\u00f6ffnet ist.<\/li><\/ul>\n\n\n\n<p>Bei Verletzung wesentlicher Vertragspflichten, deren Erf\u00fcllung die \nordnungsgem\u00e4\u00dfe Durchf\u00fchrung des Vertrages \u00fcberhaupt erst erm\u00f6glicht und \nauf deren Einhaltung der Vertragspartner regelm\u00e4\u00dfig vertrauen darf, \n(Kardinalpflichten) durch leichte Fahrl\u00e4ssigkeit von uns, unseren \ngesetzlichen Vertretern oder Erf\u00fcllungsgehilfen ist die Haftung der H\u00f6he\n nach auf den bei Vertragsschluss vorhersehbaren Schaden begrenzt, mit \ndessen Entstehung typischerweise gerechnet werden muss.<\/p>\n\n\n\n<p>Im \u00dcbrigen sind Anspr\u00fcche auf Schadensersatz ausgeschlossen.<\/p>\n\n\n\n<h4 class=\"wp-block-heading\">10. Streitbeilegung<\/h4>\n\n\n\n<p>Die Europ\u00e4ische Kommission stellt eine Plattform zur \nOnline-Streitbeilegung (OS) bereit, die Sie hier finden. Wir sind \nbereit, an einem au\u00dfergerichtlichen Schlichtungsverfahren vor einer \nVerbraucherschlichtungsstelle teilzunehmen. Zust\u00e4ndig ist die \nUniversalschlichtungsstelle des Bundes am Zentrum f\u00fcr Schlichtung e.V., \nStra\u00dfburger Stra\u00dfe 8, 77694 Kehl am Rhein, \nwww.universalschlichtungsstelle.de.<\/p>\n\n\n\n<h4 class=\"wp-block-heading\">11. Jugendschutz<\/h4>\n\n\n\n<p>Sofern Ihre Bestellung Waren umfasst, deren Verkauf \nAltersbeschr\u00e4nkungen unterliegt, stellen wir durch den Einsatz eines \nzuverl\u00e4ssigen Verfahrens unter Einbeziehung einer pers\u00f6nlichen \nIdentit\u00e4ts- und Alterspr\u00fcfung sicher, dass der Besteller das \nerforderliche Mindestalter erreicht hat. Der Zusteller \u00fcbergibt die Ware\n erst nach erfolgter Alterspr\u00fcfung und nur an den Besteller pers\u00f6nlich.<\/p>\n\n\n\n<p>AGB erstellt mit dem <a href=\"https:\/\/shop.trustedshops.com\/de\/\" target=\"_blank\" rel=\"noreferrer noopener\">Trusted Shops<\/a> <a href=\"https:\/\/shop.trustedshops.com\/de\/rechtstexte\/\" target=\"_blank\" rel=\"noreferrer noopener\">Rechtstexter<\/a> in Kooperation mit <a href=\"https:\/\/foehlisch.com\" target=\"_blank\" rel=\"noreferrer noopener\">F\u00d6HLISCH Rechtsanw\u00e4lte<\/a>.<\/p>\n","protected":false},"excerpt":{"rendered":"<p>Allgemeine Gesch\u00e4ftsbedingungen 1. Geltungsbereich F\u00fcr alle Bestellungen \u00fcber unseren Online-Shop gelten die nachfolgenden AGB. Unser Online-Shop richtet sich ausschlie\u00dflich an Verbraucher. Verbraucher ist jede nat\u00fcrliche Person, die ein Rechtsgesch\u00e4ft zu Zwecken abschlie\u00dft, die \u00fcberwiegend weder ihrer gewerblichen noch ihrer selbst\u00e4ndigen beruflichen T\u00e4tigkeit zugerechnet werden k\u00f6nnen. Unternehmer ist eine nat\u00fcrliche oder juristische Person oder eine rechtsf\u00e4hige [&hellip;]<\/p>\n","protected":false},"author":1,"featured_media":0,"parent":0,"menu_order":0,"comment_status":"closed","ping_status":"closed","template":"","meta":{"footnotes":""},"class_list":["post-101","page","type-page","status-publish","hentry"],"yoast_head":"<!-- This site is optimized with the Yoast SEO plugin v27.5 - https:\/\/yoast.com\/product\/yoast-seo-wordpress\/ -->\n<title>AGB - W&amp;M Shop<\/title>\n<meta name=\"description\" content=\"whisk(e)y and more.de Ihr Onlineshop und Marktplatz f\u00fcr Whisky, Whiskey, Rum, Rhum, Gin und mehr. Sie finden auf whiskey-and-more.de Irish, Schottisch, American, Single Malts, Blended Whiskys bekannter und unbekannter Marken. Wir haben stets Whisky aus Schottland, Irland und der Welt, dauerhaft auf Lager.\" \/>\n<meta name=\"robots\" content=\"index, follow, max-snippet:-1, max-image-preview:large, max-video-preview:-1\" \/>\n<link rel=\"canonical\" href=\"https:\/\/www.whiskey-and-more.de\/Shop\/agb\/\" \/>\n<meta property=\"og:locale\" content=\"de_DE\" \/>\n<meta property=\"og:type\" content=\"article\" \/>\n<meta property=\"og:title\" content=\"AGB - W&amp;M Shop\" \/>\n<meta property=\"og:description\" content=\"whisk(e)y and more.de Ihr Onlineshop und Marktplatz f\u00fcr Whisky, Whiskey, Rum, Rhum, Gin und mehr. Sie finden auf whiskey-and-more.de Irish, Schottisch, American, Single Malts, Blended Whiskys bekannter und unbekannter Marken. Wir haben stets Whisky aus Schottland, Irland und der Welt, dauerhaft auf Lager.\" \/>\n<meta property=\"og:url\" content=\"https:\/\/www.whiskey-and-more.de\/Shop\/agb\/\" \/>\n<meta property=\"og:site_name\" content=\"W&amp;M Shop\" \/>\n<meta property=\"article:publisher\" content=\"https:\/\/de-de.facebook.com\/Whiskey-and-More-Spaden-1072860722859564\/about\" \/>\n<meta property=\"article:modified_time\" content=\"2020-04-09T08:54:22+00:00\" \/>\n<meta name=\"twitter:card\" content=\"summary_large_image\" \/>\n<meta name=\"twitter:label1\" content=\"Gesch\u00e4tzte Lesezeit\" \/>\n\t<meta name=\"twitter:data1\" content=\"4\u00a0Minuten\" \/>\n<script type=\"application\/ld+json\" class=\"yoast-schema-graph\">{\"@context\":\"https:\\\/\\\/schema.org\",\"@graph\":[{\"@type\":\"WebPage\",\"@id\":\"https:\\\/\\\/www.whiskey-and-more.de\\\/Shop\\\/agb\\\/\",\"url\":\"https:\\\/\\\/www.whiskey-and-more.de\\\/Shop\\\/agb\\\/\",\"name\":\"AGB - W&amp;M Shop\",\"isPartOf\":{\"@id\":\"https:\\\/\\\/www.whiskey-and-more.de\\\/Shop\\\/#website\"},\"datePublished\":\"2020-03-23T13:45:00+00:00\",\"dateModified\":\"2020-04-09T08:54:22+00:00\",\"description\":\"whisk(e)y and more.de Ihr Onlineshop und Marktplatz f\u00fcr Whisky, Whiskey, Rum, Rhum, Gin und mehr. Sie finden auf whiskey-and-more.de Irish, Schottisch, American, Single Malts, Blended Whiskys bekannter und unbekannter Marken. Wir haben stets Whisky aus Schottland, Irland und der Welt, dauerhaft auf Lager.\",\"breadcrumb\":{\"@id\":\"https:\\\/\\\/www.whiskey-and-more.de\\\/Shop\\\/agb\\\/#breadcrumb\"},\"inLanguage\":\"de\",\"potentialAction\":[{\"@type\":\"ReadAction\",\"target\":[\"https:\\\/\\\/www.whiskey-and-more.de\\\/Shop\\\/agb\\\/\"]}]},{\"@type\":\"BreadcrumbList\",\"@id\":\"https:\\\/\\\/www.whiskey-and-more.de\\\/Shop\\\/agb\\\/#breadcrumb\",\"itemListElement\":[{\"@type\":\"ListItem\",\"position\":1,\"name\":\"Startseite\",\"item\":\"https:\\\/\\\/www.whiskey-and-more.de\\\/Shop\\\/\"},{\"@type\":\"ListItem\",\"position\":2,\"name\":\"AGB\"}]},{\"@type\":\"WebSite\",\"@id\":\"https:\\\/\\\/www.whiskey-and-more.de\\\/Shop\\\/#website\",\"url\":\"https:\\\/\\\/www.whiskey-and-more.de\\\/Shop\\\/\",\"name\":\"W&amp;M Shop\",\"description\":\"Der Online Shop von Whisk(e)y and More. Online Marktplatz f\u00fcr Whiskey, Whisky und mehr.\",\"publisher\":{\"@id\":\"https:\\\/\\\/www.whiskey-and-more.de\\\/Shop\\\/#organization\"},\"potentialAction\":[{\"@type\":\"SearchAction\",\"target\":{\"@type\":\"EntryPoint\",\"urlTemplate\":\"https:\\\/\\\/www.whiskey-and-more.de\\\/Shop\\\/?s={search_term_string}\"},\"query-input\":{\"@type\":\"PropertyValueSpecification\",\"valueRequired\":true,\"valueName\":\"search_term_string\"}}],\"inLanguage\":\"de\"},{\"@type\":\"Organization\",\"@id\":\"https:\\\/\\\/www.whiskey-and-more.de\\\/Shop\\\/#organization\",\"name\":\"Whisk(e)y and More\",\"url\":\"https:\\\/\\\/www.whiskey-and-more.de\\\/Shop\\\/\",\"logo\":{\"@type\":\"ImageObject\",\"inLanguage\":\"de\",\"@id\":\"https:\\\/\\\/www.whiskey-and-more.de\\\/Shop\\\/#\\\/schema\\\/logo\\\/image\\\/\",\"url\":\"https:\\\/\\\/www.whiskey-and-more.de\\\/Shop\\\/wp-content\\\/uploads\\\/2020\\\/03\\\/Logo2.jpg\",\"contentUrl\":\"https:\\\/\\\/www.whiskey-and-more.de\\\/Shop\\\/wp-content\\\/uploads\\\/2020\\\/03\\\/Logo2.jpg\",\"width\":470,\"height\":110,\"caption\":\"Whisk(e)y and More\"},\"image\":{\"@id\":\"https:\\\/\\\/www.whiskey-and-more.de\\\/Shop\\\/#\\\/schema\\\/logo\\\/image\\\/\"},\"sameAs\":[\"https:\\\/\\\/de-de.facebook.com\\\/Whiskey-and-More-Spaden-1072860722859564\\\/about\"]}]}<\/script>\n<!-- \/ Yoast SEO plugin. -->","yoast_head_json":{"title":"AGB - W&amp;M Shop","description":"whisk(e)y and more.de Ihr Onlineshop und Marktplatz f\u00fcr Whisky, Whiskey, Rum, Rhum, Gin und mehr. Sie finden auf whiskey-and-more.de Irish, Schottisch, American, Single Malts, Blended Whiskys bekannter und unbekannter Marken. Wir haben stets Whisky aus Schottland, Irland und der Welt, dauerhaft auf Lager.","robots":{"index":"index","follow":"follow","max-snippet":"max-snippet:-1","max-image-preview":"max-image-preview:large","max-video-preview":"max-video-preview:-1"},"canonical":"https:\/\/www.whiskey-and-more.de\/Shop\/agb\/","og_locale":"de_DE","og_type":"article","og_title":"AGB - W&amp;M Shop","og_description":"whisk(e)y and more.de Ihr Onlineshop und Marktplatz f\u00fcr Whisky, Whiskey, Rum, Rhum, Gin und mehr. Sie finden auf whiskey-and-more.de Irish, Schottisch, American, Single Malts, Blended Whiskys bekannter und unbekannter Marken. Wir haben stets Whisky aus Schottland, Irland und der Welt, dauerhaft auf Lager.","og_url":"https:\/\/www.whiskey-and-more.de\/Shop\/agb\/","og_site_name":"W&amp;M Shop","article_publisher":"https:\/\/de-de.facebook.com\/Whiskey-and-More-Spaden-1072860722859564\/about","article_modified_time":"2020-04-09T08:54:22+00:00","twitter_card":"summary_large_image","twitter_misc":{"Gesch\u00e4tzte Lesezeit":"4\u00a0Minuten"},"schema":{"@context":"https:\/\/schema.org","@graph":[{"@type":"WebPage","@id":"https:\/\/www.whiskey-and-more.de\/Shop\/agb\/","url":"https:\/\/www.whiskey-and-more.de\/Shop\/agb\/","name":"AGB - W&amp;M Shop","isPartOf":{"@id":"https:\/\/www.whiskey-and-more.de\/Shop\/#website"},"datePublished":"2020-03-23T13:45:00+00:00","dateModified":"2020-04-09T08:54:22+00:00","description":"whisk(e)y and more.de Ihr Onlineshop und Marktplatz f\u00fcr Whisky, Whiskey, Rum, Rhum, Gin und mehr. Sie finden auf whiskey-and-more.de Irish, Schottisch, American, Single Malts, Blended Whiskys bekannter und unbekannter Marken. Wir haben stets Whisky aus Schottland, Irland und der Welt, dauerhaft auf Lager.","breadcrumb":{"@id":"https:\/\/www.whiskey-and-more.de\/Shop\/agb\/#breadcrumb"},"inLanguage":"de","potentialAction":[{"@type":"ReadAction","target":["https:\/\/www.whiskey-and-more.de\/Shop\/agb\/"]}]},{"@type":"BreadcrumbList","@id":"https:\/\/www.whiskey-and-more.de\/Shop\/agb\/#breadcrumb","itemListElement":[{"@type":"ListItem","position":1,"name":"Startseite","item":"https:\/\/www.whiskey-and-more.de\/Shop\/"},{"@type":"ListItem","position":2,"name":"AGB"}]},{"@type":"WebSite","@id":"https:\/\/www.whiskey-and-more.de\/Shop\/#website","url":"https:\/\/www.whiskey-and-more.de\/Shop\/","name":"W&amp;M Shop","description":"Der Online Shop von Whisk(e)y and More. Online Marktplatz f\u00fcr Whiskey, Whisky und mehr.","publisher":{"@id":"https:\/\/www.whiskey-and-more.de\/Shop\/#organization"},"potentialAction":[{"@type":"SearchAction","target":{"@type":"EntryPoint","urlTemplate":"https:\/\/www.whiskey-and-more.de\/Shop\/?s={search_term_string}"},"query-input":{"@type":"PropertyValueSpecification","valueRequired":true,"valueName":"search_term_string"}}],"inLanguage":"de"},{"@type":"Organization","@id":"https:\/\/www.whiskey-and-more.de\/Shop\/#organization","name":"Whisk(e)y and More","url":"https:\/\/www.whiskey-and-more.de\/Shop\/","logo":{"@type":"ImageObject","inLanguage":"de","@id":"https:\/\/www.whiskey-and-more.de\/Shop\/#\/schema\/logo\/image\/","url":"https:\/\/www.whiskey-and-more.de\/Shop\/wp-content\/uploads\/2020\/03\/Logo2.jpg","contentUrl":"https:\/\/www.whiskey-and-more.de\/Shop\/wp-content\/uploads\/2020\/03\/Logo2.jpg","width":470,"height":110,"caption":"Whisk(e)y and More"},"image":{"@id":"https:\/\/www.whiskey-and-more.de\/Shop\/#\/schema\/logo\/image\/"},"sameAs":["https:\/\/de-de.facebook.com\/Whiskey-and-More-Spaden-1072860722859564\/about"]}]}},"jetpack_sharing_enabled":true,"_links":{"self":[{"href":"https:\/\/www.whiskey-and-more.de\/Shop\/wp-json\/wp\/v2\/pages\/101","targetHints":{"allow":["GET"]}}],"collection":[{"href":"https:\/\/www.whiskey-and-more.de\/Shop\/wp-json\/wp\/v2\/pages"}],"about":[{"href":"https:\/\/www.whiskey-and-more.de\/Shop\/wp-json\/wp\/v2\/types\/page"}],"author":[{"embeddable":true,"href":"https:\/\/www.whiskey-and-more.de\/Shop\/wp-json\/wp\/v2\/users\/1"}],"replies":[{"embeddable":true,"href":"https:\/\/www.whiskey-and-more.de\/Shop\/wp-json\/wp\/v2\/comments?post=101"}],"version-history":[{"count":3,"href":"https:\/\/www.whiskey-and-more.de\/Shop\/wp-json\/wp\/v2\/pages\/101\/revisions"}],"predecessor-version":[{"id":472,"href":"https:\/\/www.whiskey-and-more.de\/Shop\/wp-json\/wp\/v2\/pages\/101\/revisions\/472"}],"wp:attachment":[{"href":"https:\/\/www.whiskey-and-more.de\/Shop\/wp-json\/wp\/v2\/media?parent=101"}],"curies":[{"name":"wp","href":"https:\/\/api.w.org\/{rel}","templated":true}]}}